Let h = -470 - -1444. What is the hundreds digit of h?
9
Let a(i) = 31*i - 135. What is the tens digit of a(28)?
3
Suppose 10*b - 5*b - 2*s - 56 = 0, -2*b - 4*s + 32 = 0. What is the units digit of (-4)/6 + 800/b?
6
Let b = 973 - 146. What is the units digit of b?
7
Let y = 65 - -111. What is the tens digit of y?
7
Suppose 0 = -3*f + 4*a + 122, 2*f - 2*a = -30 + 108. Suppose 36*q = f*q + 48. What is the units digit of q?
4
Let f = -176 + 266. Let r(h) = -h + 23. Let l be r(21). Suppose -2*a + k = -f, -l*a + k - 145 = -5*a. What is the tens digit of a?
4
Let t(f) = f**3 - 2*f**2 + f. Let q be t(1). Suppose -4*h = -4*j - q*j + 100, -j - 3*h + 29 = 0. What is the units digit of j?
6
Let r(t) = -t + 36. What is the tens digit of r(14)?
2
Let k(n) = -2*n**3 - n**2 - n - 3. Let t be k(-7). Suppose 260 = 2*q - 3*c, 0 = -8*q + 3*q + 3*c + t. What is the units digit of q?
7
Let q(w) = -w**2 + 10*w - 5. Suppose 4*c - 5*g + g - 52 = 0, 0 = g + 4. Let p be q(c). Suppose 2 = p*t - 2*t. What is the units digit of t?
1
Suppose 0*u = -2*u. Suppose 4*k = -u*k + 16. Suppose 0 = -k*x + x + 99. What is the units digit of x?
3
Let b = -17 - -13. What is the units digit of ((-10)/b)/((-1)/(-16))?
0
Suppose 2*a + 4352 = 3*s - 2*s, 0 = 4*s + 3*a - 17375. What is the units digit of s?
6
Let n = -71 + 73. Let x(q) = q - 3*q**2 - q**3 - 3*q**3 + 4*q**3 + 3*q**3 - 2. What is the tens digit of x(n)?
1
Suppose -c = 2*d - 28 + 2, 0 = -d - c + 14. Suppose -2*a = 2*a - d. Suppose -2*f = -3*y + 104, 3*f = -a*y - y + 150. What is the tens digit of y?
3
Let i(r) = -r**2. Let u(w) = -3*w**2 - 16*w + 6. Let a(k) = 4*i(k) - u(k). What is the units digit of a(7)?
7
Let f(j) = -j**2 - 38*j - 47. What is the units digit of f(-20)?
3
Let b(w) = w**2 + 23*w - 74. What is the tens digit of b(18)?
6
Let n = 115 + -110. Suppose 5*w + n*f = 54 + 31, -5*w = 2*f - 73. What is the units digit of w?
3
Let p be ((48/(-15))/(-4))/(2/(-10)). What is the tens digit of (-1561)/(-28) + (-1)/p?
5
Let c(l) = l + 9. Let o be c(-7). Suppose o*m = 103 + 47. What is the units digit of m?
5
Suppose -2*z = -96 + 6. Let o = -27 + z. What is the units digit of o?
8
Let y(b) = b**3 - 7*b**2 - 31*b + 78. What is the tens digit of y(15)?
1
Let t be 1*(0 + -3)*5. Let o be ((-35)/3)/(5/t). Suppose -2*g = -5*g - 5*k + o, 70 = 3*g - 2*k. What is the tens digit of g?
2
Let r(j) = 223*j**2 + 7*j + 8. What is the units digit of r(-1)?
4
Let y be (-37)/(-5) + (-10)/25. Suppose 0 = -r - y + 34. What is the units digit of r?
7
Let o = 17 + -13. Suppose -o*u + 5 = -3. Suppose -21 = -u*x - x. What is the units digit of x?
7
Suppose -40*p - 72 = -43*p. Suppose -u = b - p, 2*b - 4*u = -0*u + 66. What is the tens digit of b?
2
Let s(v) = 22*v**2 + 3*v - 1. Let r be s(2). Let q = 184 - r. What is the units digit of q?
1
Suppose 2*k + 0*k - 5*o + 67 = 0, -10 = 2*o. Let u = -38 - k. What is the units digit of u?
8
Let n be (12 + -6)/(4/6). Let z(q) = 0 + 1 + 3*q - q + n*q**2. What is the units digit of z(-1)?
8
Suppose -83*o + 57*o = -23504. What is the hundreds digit of o?
9
Let m(q) be the first derivative of 3*q**3 + 2*q - 20. What is the tens digit of m(3)?
8
Suppose 5*k = -v + 786, -2*v - 4*k = v - 2380. Suppose b + 3*d = 157, -5*b + 31 = d - v. What is the units digit of b?
6
Let a(v) = 21*v**2 - 15*v - 184. What is the units digit of a(-9)?
2
Suppose 0 = -15*l + 68421 + 10464. What is the units digit of l?
9
Let s(c) = c**2 - c + 1. Let y be s(1). Let h(j) be the first derivative of 11*j**2 - 1. What is the tens digit of h(y)?
2
Suppose -75*u + 71*u = -4072. What is the thousands digit of u?
1
Suppose 0 = 4*x - 3*s + 105, 4*s - 3*s = -5. Let u be (-36)/x*(-5)/(-2). Suppose -8*h - 4*b + 70 = -3*h, -u*h = -5*b - 42. What is the units digit of h?
4
Suppose -5*o + 55 = -5*l, 3*o - 73 = -2*l - 3*l. Suppose -c = -4*u + 2 - o, 2*u = -5*c - 18. What is the units digit of 2 - c - (-12)/1?
6
Suppose -2*w = -6*w + 20. Suppose 34 = -3*b + w*a, b - 4 = 4*b + a. Let c(j) = -6*j + 1. What is the tens digit of c(b)?
1
Let w(s) = -s**3 + 4*s**2 + 5*s + 5. Let t be w(5). Suppose -2*m - y = -590, 5*y - 1174 = -t*m + m. What is the units digit of m?
6
Let n(p) = -p + 9. Let w be n(6). Let j(h) = 3*h**2 + 5*h - 12. What is the tens digit of j(w)?
3
Let h(z) = 176*z - 658. What is the units digit of h(25)?
2
Let l(t) = -8*t - 2. Let a(d) = d**3 + 8*d + 5*d**3 + 9 - 5*d**3 + 7*d**2. Let u be a(-6). What is the tens digit of l(u)?
2
Suppose -3*u - j + 6 = -2, 5*j = -3*u + 16. What is the tens digit of (26/6 + -4)*(269 - u)?
8
Suppose -32*k + 3416 = -25*k. What is the tens digit of k?
8
Suppose 0*x = -3*x - 4*g + 1049, -4*x - g + 1416 = 0. Suppose x = k + 4*k. What is the tens digit of k?
7
Let t be (-148)/(-10) + 6/30. Suppose -3*a = m - 16, -3*m - 5*a = t - 59. Suppose -5*h = m - 183. What is the tens digit of h?
3
Suppose 5*f = -5*l + 240, f = 4*l + 34 - 6. Suppose f + 306 = 5*v. Suppose 0 = 5*j - 20 - v. What is the tens digit of j?
1
Suppose 28*p - 5709 = -1453. What is the hundreds digit of p?
1
Let p(w) = -w + 0*w**2 + 2*w + w**2 - w**3. Let h be p(-3). Let o = h - 20. What is the tens digit of o?
1
Let g(m) = 2*m**2 - 23*m + 20. Let l(z) = -3*z**2 + 35*z - 30. Let x(c) = 7*g(c) + 5*l(c). What is the tens digit of x(12)?
1
Let w(f) = 3*f**2 - f - 5. Let u be w(-4). Let n = 1 + u. What is the units digit of n?
8
Let b(f) = -23*f + 12. Let h(n) = -1. Let r(c) = -b(c) - 6*h(c). What is the units digit of r(7)?
5
Suppose 0 = -2*g - 4*p + 1726, 10*g - 2*p - 3502 = 6*g. What is the tens digit of g?
7
Let k(o) = 58*o + 30. What is the tens digit of k(7)?
3
Let p be (-98)/(-2) + (-16 - -13). Let c be 51/6*p/(-1). What is the tens digit of c/(-7) + 2/14?
5
Suppose 19*j + 87*j = 42400. What is the tens digit of j?
0
Suppose 5*s = 60 + 25. Suppose 2*d - 5*o - 35 = 0, 3*o - 25 = -4*d - 2*o. Let h = s - d. What is the units digit of h?
7
Let r be (-113 - 1)*(4/12 + -1). Suppose 4*a + 25 - 101 = -o, -o = 5*a - r. What is the units digit of o?
6
Let a be (-3 + 10 - 0) + 0. Suppose -n = 4*x + 39 + a, -3*x - 3*n - 30 = 0. Let h = x - -20. What is the units digit of h?
8
Suppose 14111 = 34*y - 81667. What is the hundreds digit of y?
8
Suppose l + 3 = 7. Suppose -j = -4, -j = -3*m - 3*j + 8. Suppose m = -4*r - 16, 0 = -l*c + 7*c - r - 55. What is the units digit of c?
7
Suppose 0 = 2*j + 5 - 1. What is the units digit of 1/j - (-774)/12?
4
Let z(a) = 2*a**3 + 3*a**2 - 6*a + 1. Let b be z(4). Suppose -o + 105 = 2*q, 3*q - 4*o - b + 12 = 0. What is the tens digit of q?
5
Let j be -1 - (-3 + 3 - 3). Suppose -158 = -2*l + 4*n, 3*l + j*n = 2*l + 75. Suppose 0 = 3*t - l - 1. What is the tens digit of t?
2
Suppose 4*y + 249 = 809. What is the units digit of y?
0
Suppose 0 = -52*n + 48*n + 1328. Suppose 0 = 4*l - 3*f - f - 256, 5*l - n = f. What is the tens digit of l?
6
Suppose -8*f + 3*f - 4*s = -3, 0 = 2*f + 3*s + 3. Suppose -4*b = 3*u - 417 - 308, -2*u - f*b + 482 = 0. What is the tens digit of u?
4
Suppose -9*t + 29 = -16. Suppose -q = 4*f - 29, 0*q - 3*q + t*f + 138 = 0. What is the units digit of q?
1
Let w(v) = 124*v**2 + 22*v + 147. What is the thousands digit of w(-7)?
6
Let r(h) = 10*h + 31. Let m(o) = 3*o + 10. Let j(k) = 7*m(k) - 2*r(k). Let a be j(-6). Suppose a*u + 3*f - 46 = -f, -f - 26 = -u. What is the tens digit of u?
2
Let f(y) = -y**3 - 9*y**2 - 9*y - 9. Let i be f(-8). Let z be 154/(-22) + (1 - i). What is the units digit of ((-6)/z)/((-21)/(-1190))?
8
Let h be 5/1*(-9)/(-5). What is the tens digit of (-9)/2*(h + -15)?
2
Let j(n) = 9*n**2 - 10*n + 5. What is the tens digit of j(-10)?
0
Suppose 4572 - 168 = 12*x. What is the hundreds digit of x?
3
Suppose 13*r = 11*r + 3238. What is the thousands digit of r?
1
What is the tens digit of 5*(8 - (-5007)/15)?
0
Let c(s) = -s**3 + 6*s**2 + 8*s + 5. Suppose -15 = -3*d, -49 = -7*g + 3*g - 5*d. What is the units digit of c(g)?
3
Let z(p) = 6*p**3 - 15*p**2 + 7*p. What is the hundreds digit of z(5)?
4
Let a = 6275 - 3487. What is the thousands digit of a?
2
Let t be (-7 - (0 - 7))/2. Let j(u) be the first derivative of -u**2/2 + 65*u - 1. What is the tens digit of j(t)?
6
Suppose -7*o + 8407 + 24710 = 0. What is the units digit of o?
1
What is the thousands digit of (-18529)/(-8) - 3/(20 - -4)?
2
What